{"id":3241,"date":"2023-04-24T10:47:43","date_gmt":"2023-04-24T10:47:43","guid":{"rendered":"https:\/\/ippsic.com\/cursos\/reeducacion-del-lenguaje\/"},"modified":"2023-04-24T10:47:43","modified_gmt":"2023-04-24T10:47:43","slug":"reeducacion-del-lenguaje","status":"publish","type":"avada_portfolio","link":"https:\/\/ippsic.com\/es\/cursos\/reeducacion-del-lenguaje\/","title":{"rendered":"Reeducaci\u00f3n del lenguaje"},"content":{"rendered":"<p>Se trata de sesiones grupales en las que trabajamos aquellas \u00e1reas que m\u00e1s necesitan mejorar, propias de su dificultad: lectoescritura, grafomotricidad, relaci\u00f3n espacio-tiempo, imaginaci\u00f3n, ortograf\u00eda, caligraf\u00eda, conciencia fonol\u00f3gica, expresi\u00f3n oral y escrita. As\u00ed como tambi\u00e9n se trabajan aspectos que tambi\u00e9n quedan afectados: la gesti\u00f3n emocional, las relaciones sociales, la autoestima, la autonom\u00eda y los h\u00e1bitos de trabajo.<\/p>\n","protected":false},"excerpt":{"rendered":"<p>Se trata de sesiones grupales en las que trabajamos aquellas \u00e1reas que m\u00e1s necesitan mejorar, propias de [&hellip;]<\/p>\n","protected":false},"author":1,"featured_media":0,"menu_order":0,"comment_status":"open","ping_status":"closed","template":"","format":"standard","meta":{"footnotes":""},"portfolio_category":[32],"portfolio_skills":[],"portfolio_tags":[],"class_list":["post-3241","avada_portfolio","type-avada_portfolio","status-publish","format-standard","hentry","portfolio_category-cursos-y-talleres"],"yoast_head":"<!-- This site is optimized with the Yoast SEO plugin v20.2.1 - https:\/\/yoast.com\/wordpress\/plugins\/seo\/ -->\n<title>Reeducaci\u00f3n del lenguaje - IPPSIC<\/title>\n<meta name=\"robots\" content=\"index, follow, max-snippet:-1, max-image-preview:large, max-video-preview:-1\" \/>\n<link rel=\"canonical\" href=\"https:\/\/ippsic.com\/cursos\/reeducacion-del-lenguaje\/\" \/>\n<meta property=\"og:locale\" content=\"es_ES\" \/>\n<meta property=\"og:type\" content=\"article\" \/>\n<meta property=\"og:title\" content=\"Reeducaci\u00f3n del lenguaje - IPPSIC\" \/>\n<meta property=\"og:description\" content=\"Se trata de sesiones grupales en las que trabajamos aquellas \u00e1reas que m\u00e1s necesitan mejorar, propias de [&hellip;]\" \/>\n<meta property=\"og:url\" content=\"https:\/\/ippsic.com\/cursos\/reeducacion-del-lenguaje\/\" \/>\n<meta property=\"og:site_name\" content=\"IPPSIC\" \/>\n<meta name=\"twitter:card\" content=\"summary_large_image\" \/>\n<script type=\"application\/ld+json\" class=\"yoast-schema-graph\">{\"@context\":\"https:\/\/schema.org\",\"@graph\":[{\"@type\":\"WebPage\",\"@id\":\"https:\/\/ippsic.com\/cursos\/reeducacion-del-lenguaje\/\",\"url\":\"https:\/\/ippsic.com\/cursos\/reeducacion-del-lenguaje\/\",\"name\":\"Reeducaci\u00f3n del lenguaje - IPPSIC\",\"isPartOf\":{\"@id\":\"https:\/\/ippsic.com\/#website\"},\"datePublished\":\"2023-04-24T10:47:43+00:00\",\"dateModified\":\"2023-04-24T10:47:43+00:00\",\"breadcrumb\":{\"@id\":\"https:\/\/ippsic.com\/cursos\/reeducacion-del-lenguaje\/#breadcrumb\"},\"inLanguage\":\"es\",\"potentialAction\":[{\"@type\":\"ReadAction\",\"target\":[\"https:\/\/ippsic.com\/cursos\/reeducacion-del-lenguaje\/\"]}]},{\"@type\":\"BreadcrumbList\",\"@id\":\"https:\/\/ippsic.com\/cursos\/reeducacion-del-lenguaje\/#breadcrumb\",\"itemListElement\":[{\"@type\":\"ListItem\",\"position\":1,\"name\":\"Portada\",\"item\":\"https:\/\/ippsic.com\/es\/ippsic-home\/\"},{\"@type\":\"ListItem\",\"position\":2,\"name\":\"Portfolio\",\"item\":\"https:\/\/ippsic.com\/videos\/\"},{\"@type\":\"ListItem\",\"position\":3,\"name\":\"Reeducaci\u00f3n del lenguaje\"}]},{\"@type\":\"WebSite\",\"@id\":\"https:\/\/ippsic.com\/#website\",\"url\":\"https:\/\/ippsic.com\/\",\"name\":\"IPPSIC\",\"description\":\"Institut de Psicologia i Psicoter\u00e0pia\",\"potentialAction\":[{\"@type\":\"SearchAction\",\"target\":{\"@type\":\"EntryPoint\",\"urlTemplate\":\"https:\/\/ippsic.com\/?s={search_term_string}\"},\"query-input\":\"required name=search_term_string\"}],\"inLanguage\":\"es\"}]}<\/script>\n<!-- \/ Yoast SEO plugin. -->","yoast_head_json":{"title":"Reeducaci\u00f3n del lenguaje - IPPSIC","robots":{"index":"index","follow":"follow","max-snippet":"max-snippet:-1","max-image-preview":"max-image-preview:large","max-video-preview":"max-video-preview:-1"},"canonical":"https:\/\/ippsic.com\/cursos\/reeducacion-del-lenguaje\/","og_locale":"es_ES","og_type":"article","og_title":"Reeducaci\u00f3n del lenguaje - IPPSIC","og_description":"Se trata de sesiones grupales en las que trabajamos aquellas \u00e1reas que m\u00e1s necesitan mejorar, propias de [&hellip;]","og_url":"https:\/\/ippsic.com\/cursos\/reeducacion-del-lenguaje\/","og_site_name":"IPPSIC","twitter_card":"summary_large_image","schema":{"@context":"https:\/\/schema.org","@graph":[{"@type":"WebPage","@id":"https:\/\/ippsic.com\/cursos\/reeducacion-del-lenguaje\/","url":"https:\/\/ippsic.com\/cursos\/reeducacion-del-lenguaje\/","name":"Reeducaci\u00f3n del lenguaje - IPPSIC","isPartOf":{"@id":"https:\/\/ippsic.com\/#website"},"datePublished":"2023-04-24T10:47:43+00:00","dateModified":"2023-04-24T10:47:43+00:00","breadcrumb":{"@id":"https:\/\/ippsic.com\/cursos\/reeducacion-del-lenguaje\/#breadcrumb"},"inLanguage":"es","potentialAction":[{"@type":"ReadAction","target":["https:\/\/ippsic.com\/cursos\/reeducacion-del-lenguaje\/"]}]},{"@type":"BreadcrumbList","@id":"https:\/\/ippsic.com\/cursos\/reeducacion-del-lenguaje\/#breadcrumb","itemListElement":[{"@type":"ListItem","position":1,"name":"Portada","item":"https:\/\/ippsic.com\/es\/ippsic-home\/"},{"@type":"ListItem","position":2,"name":"Portfolio","item":"https:\/\/ippsic.com\/videos\/"},{"@type":"ListItem","position":3,"name":"Reeducaci\u00f3n del lenguaje"}]},{"@type":"WebSite","@id":"https:\/\/ippsic.com\/#website","url":"https:\/\/ippsic.com\/","name":"IPPSIC","description":"Institut de Psicologia i Psicoter\u00e0pia","potentialAction":[{"@type":"SearchAction","target":{"@type":"EntryPoint","urlTemplate":"https:\/\/ippsic.com\/?s={search_term_string}"},"query-input":"required name=search_term_string"}],"inLanguage":"es"}]}},"_links":{"self":[{"href":"https:\/\/ippsic.com\/es\/wp-json\/wp\/v2\/avada_portfolio\/3241","targetHints":{"allow":["GET"]}}],"collection":[{"href":"https:\/\/ippsic.com\/es\/wp-json\/wp\/v2\/avada_portfolio"}],"about":[{"href":"https:\/\/ippsic.com\/es\/wp-json\/wp\/v2\/types\/avada_portfolio"}],"author":[{"embeddable":true,"href":"https:\/\/ippsic.com\/es\/wp-json\/wp\/v2\/users\/1"}],"replies":[{"embeddable":true,"href":"https:\/\/ippsic.com\/es\/wp-json\/wp\/v2\/comments?post=3241"}],"version-history":[{"count":0,"href":"https:\/\/ippsic.com\/es\/wp-json\/wp\/v2\/avada_portfolio\/3241\/revisions"}],"wp:attachment":[{"href":"https:\/\/ippsic.com\/es\/wp-json\/wp\/v2\/media?parent=3241"}],"wp:term":[{"taxonomy":"portfolio_category","embeddable":true,"href":"https:\/\/ippsic.com\/es\/wp-json\/wp\/v2\/portfolio_category?post=3241"},{"taxonomy":"portfolio_skills","embeddable":true,"href":"https:\/\/ippsic.com\/es\/wp-json\/wp\/v2\/portfolio_skills?post=3241"},{"taxonomy":"portfolio_tags","embeddable":true,"href":"https:\/\/ippsic.com\/es\/wp-json\/wp\/v2\/portfolio_tags?post=3241"}],"curies":[{"name":"wp","href":"https:\/\/api.w.org\/{rel}","templated":true}]}}

Reeducación del lenguaje

<p>Se trata de sesiones grupales en las que trabajamos aquellas áreas que más necesitan mejorar, propias de su dificultad: lectoescritura, grafomotricidad, relación espacio-tiempo, imaginación, ortografía, caligrafía, conciencia fonológica, expresión oral y escrita. Así como también se trabajan aspectos que también quedan afectados: la gestión emocional, las relaciones sociales, la autoestima, la autonomía y los hábitos de trabajo.</p>

<p>Se trata de sesiones grupales en las que trabajamos aquellas áreas que más necesitan mejorar, propias de [&hellip;]</p>

<!-- This site is optimized with the Yoast SEO plugin v20.2.1 - https://yoast.com/wordpress/plugins/seo/ -->
<title>Reeducación del lenguaje - IPPSIC</title>
<meta name="robots" content="index, follow, max-snippet:-1, max-image-preview:large, max-video-preview:-1" />
<link rel="canonical" href="https://ippsic.com/cursos/reeducacion-del-lenguaje/" />
<meta property="og:locale" content="es_ES" />
<meta property="og:type" content="article" />
<meta property="og:title" content="Reeducación del lenguaje - IPPSIC" />
<meta property="og:description" content="Se trata de sesiones grupales en las que trabajamos aquellas áreas que más necesitan mejorar, propias de [&hellip;]" />
<meta property="og:url" content="https://ippsic.com/cursos/reeducacion-del-lenguaje/" />
<meta property="og:site_name" content="IPPSIC" />
<meta name="twitter:card" content="summary_large_image" />
<script type="application/ld+json" class="yoast-schema-graph">{"@context":"https://schema.org","@graph":[{"@type":"WebPage","@id":"https://ippsic.com/cursos/reeducacion-del-lenguaje/","url":"https://ippsic.com/cursos/reeducacion-del-lenguaje/","name":"Reeducación del lenguaje - IPPSIC","isPartOf":{"@id":"https://ippsic.com/#website"},"datePublished":"2023-04-24T10:47:43+00:00","dateModified":"2023-04-24T10:47:43+00:00","breadcrumb":{"@id":"https://ippsic.com/cursos/reeducacion-del-lenguaje/#breadcrumb"},"inLanguage":"es","potentialAction":[{"@type":"ReadAction","target":["https://ippsic.com/cursos/reeducacion-del-lenguaje/"]}]},{"@type":"BreadcrumbList","@id":"https://ippsic.com/cursos/reeducacion-del-lenguaje/#breadcrumb","itemListElement":[{"@type":"ListItem","position":1,"name":"Portada","item":"https://ippsic.com/es/ippsic-home/"},{"@type":"ListItem","position":2,"name":"Portfolio","item":"https://ippsic.com/videos/"},{"@type":"ListItem","position":3,"name":"Reeducación del lenguaje"}]},{"@type":"WebSite","@id":"https://ippsic.com/#website","url":"https://ippsic.com/","name":"IPPSIC","description":"Institut de Psicologia i Psicoteràpia","potentialAction":[{"@type":"SearchAction","target":{"@type":"EntryPoint","urlTemplate":"https://ippsic.com/?s={search_term_string}"},"query-input":"required name=search_term_string"}],"inLanguage":"es"}]}</script>
<!-- / Yoast SEO plugin. -->

Reeducación del lenguaje - IPPSIC

Se trata de sesiones grupales en las que trabajamos aquellas áreas que más necesitan mejorar, propias de [&hellip;]

Institut de Psicologia i Psicoteràpia
